rue
Does 45 divide 5335650?
True
Is 328 a factor of 2214003?
False
Does 10 divide 3553098?
False
Is 3 a factor of 1577572?
False
Is 4 a factor of 120412?
True
Is 3 a factor of 36039?
True
Is 169685 a multiple of 58?
False
Is 1033420 a multiple of 9?
False
Is 1112355 a multiple of 631?
False
Is 97898 a multiple of 31?
True
Does 355 divide 879088?
False
Does 30 divide 61590?
True
Is 98 a factor of 11565470?
True
Is 127 a factor of 110299?
False
Is 1312894 a multiple of 166?
True
Is 1718515 a multiple of 235?
False
Is 338102 a multiple of 17?
False
Is 17 a factor of 6322619?
False
Is 74655 a multiple of 189?
True
Does 36 divide 176874?
False
Is 791 a factor of 745122?
True
Is 1844864 a multiple of 2?
True
Is 165 a factor of 1105247?
False
Does 19 divide 46074?
False
Is 184 a factor of 580152?
True
Is 10 a factor of 264972?
False
Is 34 a factor of 19999968?
False
Is 113 a factor of 305326?
True
Is 9626331 a multiple of 57?
True
Is 110715 a multiple of 305?
True
Does 101 divide 163115?
True
Does 13 divide 8850842?
True
Is 1038220 a multiple of 57?
False
Is 52 a factor of 1289744?
False
Is 311178 a multiple of 5?
False
Does 11 divide 3478454?
False
Is 145 a factor of 56985?
True
Is 2207617 a multiple of 912?
False
Is 6833065 a multiple of 38?
False
Is 741629 a multiple of 36?
False
Does 7 divide 85113?
True
Is 29 a factor of 613060?
True
Is 2 a factor of 15817?
False
Is 30264871 a multiple of 207?
False
Is 16 a factor of 5868666?
False
Is 100048 a multiple of 296?
True
Does 776 divide 478294?
False
Does 55 divide 117040?
True
Is 10 a factor of 51099?
False
Is 12 a factor of 420768?
True
Is 129 a factor of 3962106?
True
Is 24 a factor of 486720?
True
Is 364 a factor of 151549?
False
Does 54 divide 6119820?
True
Is 224 a factor of 269675?
False
Is 918 a factor of 4075002?
True
Is 214419 a multiple of 50?
False
Does 89 divide 1288248?
False
Is 1345872 a multiple of 12?
True
Does 44 divide 111848?
True
Is 195170 a multiple of 14?
False
Is 94 a factor of 2145421?
False
Is 663602 a multiple of 45?
False
Is 10 a factor of 15110?
True
Is 1461814 a multiple of 123?
False
Does 6 divide 27601?
False
Is 5546129 a multiple of 17?
False
Does 6 divide 7230?
True
Is 19449 a multiple of 4?
False
Is 3028597 a multiple of 936?
False
Is 970 a factor of 8912360?
True
Is 77182 a multiple of 37?
True
Is 135 a factor of 3324915?
True
Is 43872 a multiple of 243?
False
Is 7222 a multiple of 46?
True
Is 295 a factor of 26255?
True
Does 429 divide 118344?
False
Is 2491830 a multiple of 45?
True
Is 39 a factor of 811797?
False
Does 278 divide 700744?
False
Does 498 divide 2613236?
False
Is 205 a factor of 34426?
False
Is 4 a factor of 1457351?
False
Does 241 divide 461398?
False
Does 637 divide 763763?
True
Is 94962 a multiple of 95?
False
Is 304 a factor of 938448?
True
Is 182471 a multiple of 10?
False
Is 37632 a multiple of 16?
True
Is 445 a factor of 5237491?
False
Is 2 a factor of 105551?
False
Is 185742 a multiple of 9?
True
Is 202623 a multiple of 10?
False
Is 196800 a multiple of 82?
True
Does 22 divide 5287524?
True
Is 273488 a multiple of 46?
False
Does 106 divide 370046?
True
Is 3 a factor of 125624?
False
Is 61 a factor of 3687816?
True
Is 7939775 a multiple of 121?
False
Does 501 divide 41082?
True
Does 374 divide 6811288?
True
Does 43 divide 93181?
True
Does 42 divide 20370?
True
Is 107425 a multiple of 12?
False
Does 72 divide 15734?
False
Is 1707332 a multiple of 3?
False
Is 115 a factor of 13208670?
True
Is 210 a factor of 532980?
True
Does 25 divide 6033?
False
Is 49 a factor of 27215?
False
Is 155499 a multiple of 11?
False
Is 188 a factor of 3227960?
True
Does 136 divide 6990805?
False
Does 3 divide 34881?
True
Is 32 a factor of 182752?
True
Is 1108354 a multiple of 26?
True
Does 33 divide 232353?
True
Is 135972 a multiple of 6?
True
Does 13 divide 2589507?
False
Does 9 divide 74259?
True
Does 28 divide 75977?
False
Does 319 divide 1525926?
False
Is 21 a factor of 262965?
False
Is 956250 a multiple of 102?
True
Is 87896 a multiple of 6?
False
Is 706048 a multiple of 46?
False
Is 63110 a multiple of 44?
False
Is 53 a factor of 36762?
False
Is 642540 a multiple of 30?
True
Is 8 a factor of 93995?
False
Is 186675 a multiple of 4?
False
Does 659 divide 2385495?
False
Is 147730 a multiple of 158?
True
Does 32 divide 601751?
False
Is 3941316 a multiple of 5?
False
Is 720300 a multiple of 300?
True
Is 511500 a multiple of 124?
True
Is 1236230 a multiple of 683?
True
Is 12 a factor of 60444?
True
Is 18 a factor of 169830?
True
Is 131 a factor of 267502?
True
Is 233 a factor of 824521?
False
Is 13373 a multiple of 4?
False
Does 97 divide 713370?
False
Is 731005 a multiple of 139?
False
Is 342015 a multiple of 209?
False
Is 109648 a multiple of 22?
True
Does 89 divide 561057?
False
Is 74 a factor of 23642?
False
Is 94 a factor of 7827333?
False
Is 294372 a multiple of 18?
True
Does 9 divide 2431155?
False
Does 6 divide 75358?
False
Does 121 divide 218042?
True
Is 405118 a multiple of 38?
True
Is 68709 a multiple of 255?
False
Is 520416 a multiple of 416?
True
Is 5862588 a multiple of 10?
False
Is 6 a factor of 4086?
True
Does 206 divide 16383856?
False
Is 689 a factor of 615966?
True
Is 663264 a multiple of 196?
True
Is 679683 a multiple of 58?
False
Does 13 divide 3334681?
False
Is 85960 a multiple of 28?
True
Is 421535 a multiple of 5?
True
Is 80864 a multiple of 361?
True
Is 534546 a multiple of 2?
True
Is 8 a factor of 1457105?
False
Does 9 divide 315312?
False
Is 1266 a factor of 3306110?
False
Does 58 divide 2661149?
False
Is 25 a factor of 133229?
False
Does 8 divide 9719632?
True
Is 41 a factor of 967866?
False
Is 250 a factor of 245000?
True
Does 19 divide 547075?
False
Does 370 divide 14730810?
True
Is 184275 a multiple of 9?
True
Is 283825 a multiple of 25?
True
Is 72468 a multiple of 54?
True
Is 25427 a multiple of 4?
False
Does 369 divide 51857?
False
Does 112 divide 1178673?
False
Does 32 divide 10944?
True
Does 63 divide 1408854?
False
Is 544 a factor of 1867198?
False
Is 102 a factor of 3052104?
False
Is 1808571 a multiple of 57?
False
Is 5479509 a multiple of 2177?
True
Does 236 divide 74104?
True
Is 3 a factor of 2259550?
False
Does 15 divide 1086?
False
Is 34020 a multiple of 63?
True
Does 175 divide 94500?
True
Does 12 divide 1451328?
True
Is 59911 a multiple of 21?
False
Is 81 a factor of 6445650?
False
Does 46 divide 4907878?
True
Is 162 a factor of 363366?
True
Is 3 a factor of 38859?
True
Is 462168 a multiple of 63?
True
Does 3 divide 555293?
False
Is 25 a factor of 544375?
True
Is 1912518 a multiple of 6?
True
Is 249650 a multiple of 201?
False
Is 9 a factor of 481266?
True
Is 1193304 a multiple of 24?
True
Is 10 a factor of 40718700?
True
Is 5 a factor of 20865?
True
Is 236 a factor of 363914?
False
Is 192 a factor of 638498?
False
Is 71885 a multiple of 11?
True
Is 3291963 a multiple of 252?
False
Is 187356 a multiple of 12?
True
Is 43 a factor of 40850?
True
Does 288 divide 153933?
False
Is 18 a factor of 25110?
True
Does 14 divide 485604?
True
Is 479552 a multiple of 12?
False
Does 90 divide 90590?
False
Is 261846 a multiple of 223?
False
Is 360468 a multiple of 38?
True
Is 1281852 a multiple of 83?
True
Does 5 divide 25260?
True
Is 733374 a multiple of 21?
False
Does 6 divide 22130?
False
Is 65 a factor of 3220620?
True
Does 12 divide 772764?
True
Is 42 a factor of 9660?
True
Is 320 a factor of 3126400?
True
Is 333694 a multiple of 22?
False
Does 33 divide 557738?
False
Is 10180500 a multiple of 12?
True
Does 8 divide 448072?
True
Is 163 a factor of 218424?
False
Does 688 divide 3222592?
True
Does 11 divide 83108?
False
Is 63 a factor of 1587411?
True
Does 9 divide 2807750?
False
Is 63996 a multiple of 22?
False
Is 773 a factor of 66478?
True
Does 4 divide 956400?
True
Does 29 divide 7795656?
False
Does 14 divide 563486?
True
Does 23 divide 1717985?
True
Does 19 divide 1531720?
False
Is 1667179 a multiple of 1824?
False
Is 66 a factor of 516714?
True
Is 33 a factor of 606606?
True
Does 26 divide 587054?
True
Is 18 a factor of 159948?
True
Is 11534186 a multiple of 459?
False
Does 821 divide 2852062?
False
Does 54 divide 124618?
False
Is 197 a factor of 1588017?
True
Does 149 divide 15347?
True
Does 207 divide 5288414?
False
Is 54965 